 105?
15
What is the greatest common divisor of 34 and 272?
34
What is the highest common factor of 148 and 3811?
37
Calculate the highest common divisor of 200 and 16700.
100
Calculate the greatest common factor of 2626 and 39.
13
Calculate the highest common divisor of 6 and 13.
1
Calculate the highest common factor of 108 and 594.
54
What is the greatest common factor of 343 and 595?
7
What is the highest common factor of 21 and 966?
21
Calculate the greatest common factor of 20 and 2500.
20
What is the greatest common factor of 22 and 44?
22
What is the highest common divisor of 186 and 89094?
186
Calculate the greatest common factor of 69 and 3.
3
What is the greatest common divisor of 9701 and 178?
89
What is the greatest common factor of 399 and 133?
133
What is the greatest common divisor of 1038 and 6?
6
What is the highest common factor of 223 and 1?
1
Calculate the greatest common divisor of 10849 and 19.
19
What is the greatest common divisor of 3 and 48?
3
What is the greatest common factor of 273 and 1443?
39
What is the greatest common divisor of 126 and 144?
18
What is the highest common factor of 60 and 210?
30
What is the highest common divisor of 37464 and 168?
168
What is the greatest common divisor of 1736 and 56?
56
Calculate the highest common divisor of 1125 and 9.
9
Calculate the highest common divisor of 7 and 2611.
7
Calculate the greatest common factor of 1139 and 67.
67
What is the greatest common factor of 6 and 6?
6
Calculate the greatest common factor of 3807 and 987.
141
Calculate the greatest common divisor of 31 and 93.
31
Calculate the greatest common factor of 147 and 3423.
21
Calculate the greatest common divisor of 952 and 84.
28
What is the highest common divisor of 43 and 13?
1
Calculate the highest common divisor of 10919 and 537.
179
Calculate the highest common factor of 76 and 12293.
19
Calculate the highest common factor of 107 and 428.
107
Calculate the greatest common divisor of 63 and 1008.
63
Calculate the greatest common factor of 16 and 56.
8
What is the greatest common divisor of 260 and 26?
26
Calculate the greatest common divisor of 3 and 1971.
3
What is the highest common divisor of 156 and 104?
52
What is the highest common factor of 145 and 15?
5
What is the greatest common factor of 22 and 77?
11
What is the greatest common factor of 190 and 90?
10
Calculate the greatest common divisor of 114 and 7296.
114
What is the greatest common factor of 4 and 34?
2
What is the greatest common factor of 45 and 210?
15
What is the highest common divisor of 36 and 423?
9
What is the highest common divisor of 742 and 9275?
371
Calculate the highest common factor of 14 and 224.
14
Calculate the highest common factor of 3146 and 242.
242
Calculate the highest common factor of 33 and 3.
3
Calculate the greatest common divisor of 2419 and 59.
59
Calculate the greatest common divisor of 3680 and 8.
8
Calculate the highest common factor of 2214 and 378.
54
What is the greatest common divisor of 35 and 245?
35
What is the greatest common factor of 45 and 27?
9
Calculate the greatest common divisor of 176 and 44.
44
What is the highest common factor of 8 and 824?
8
What is the highest common factor of 435 and 6?
3
Calculate the highest common factor of 450 and 36.
18
Calculate the highest common divisor of 42 and 1995.
21
Calculate the highest common divisor of 80 and 470.
10
Calculate the highest common factor of 1012 and 276.
92
What is the highest common divisor of 39600 and 288?
144
Calculate the greatest common divisor of 14 and 350.
14
Calculate the greatest common factor of 34 and 2533.
17
Calculate the highest common divisor of 95 and 1919.
19
What is the greatest common divisor of 2 and 851?
1
What is the greatest common divisor of 60 and 54?
6
Calculate the highest common factor of 36 and 4356.
36
Calculate the greatest common divisor of 22 and 242.
22
What is the greatest common factor of 150 and 2150?
50
Calculate the highest common factor of 1720 and 8.
8
Calculate the highest common divisor of 1220 and 40.
20
What is the highest common divisor of 33 and 451?
11
Calculate the highest common factor of 66 and 2442.
66
What is the greatest common divisor of 646 and 38?
38
What is the highest common divisor of 28 and 1148?
28
What is the highest common divisor of 185 and 296?
37
Calculate the highest common divisor of 2068 and 44.
44
Calculate the greatest common factor of 64 and 320.
64
Calculate the greatest common divisor of 15209 and 454.
227
What is the greatest common factor of 1727 and 471?
157
What is the greatest common factor of 1 and 128?
1
Calculate the greatest common divisor of 8 and 160.
8
Calculate the greatest common divisor of 64 and 10.
2
What is the highest common divisor of 476 and 196?
28
Calculate the highest common divisor of 264 and 7788.
132
Calculate the greatest common divisor of 490 and 20.
10
What is the greatest common factor of 3 and 1464?
3
What is the greatest common factor of 464 and 290?
58
What is the highest common divisor of 200 and 50?
50
Calculate the greatest common factor of 7 and 3983.
7
Calculate the highest common factor of 861 and 369.
123
What is the greatest common factor of 251 and 4?
1
What is the greatest common divisor of 39 and 91?
13
What is the highest common factor of 10 and 710?
10
Calculate the greatest common divisor of 24 and 78.
6
Calculate the highest common factor of 274 and 38.
2
Calculate the highest common factor of 5 and 3615.
5
Calculate the highest common factor of 10 and 65930.
10
What is the greatest common divisor of 560 and 84?
28
Calculate the greatest common factor of 14 and 1358.
14
What is the highest common factor of 16 and 76?
4
Calculate the highest common factor of 174 and 6.
6
What is the greatest common divisor of 72 and 288?
72
What is the greatest common divisor of 123 and 82?
41
What is the highest common divisor of 9 and 2592?
9
Calculate the highest common factor of 966 and 42.
42
Calculate the highest common divisor of 80883 and 11.
11
Calculate the greatest common factor of 72 and 6714.
18
What is the highest common divisor of 266 and 14?
14
What is the highest common factor of 140 and 21?
7
Calculate the greatest common divisor of 171 and 90.
9
What is the highest common factor of 1144 and 2444?
52
What is the greatest common divisor of 2888 and 532?
76
What is the greatest common divisor of 80 and 2000?
80
What is the greatest common factor of 66 and 2013?
33
What is the highest common divisor of 23 and 2599?
23
Calculate the highest common factor of 600 and 440.
40
Calculate the highest common divisor of 812 and 504.
28
What is the greatest common factor of 34124 and 76?
76
Calculate the greatest common divisor of 1148 and 19229.
287
Calculate the highest common divisor of 936 and 9.
9
What is the highest common divisor of 1287 and 18?
9
What is the greatest common divisor of 33 and 99?
33
What is the highest common divisor of 1210 and 726?
242
Calculate the greatest common divisor of 22 and 21802.
22
Calculate the highest common factor of 264 and 2013.
33
Calculate the highest common factor of 377 and 26.
13
Calculate the highest common divisor of 66 and 539.
11
What is the greatest common factor of 8 and 8?
8
Calculate the highest common divisor of 42 and 224.
14
Calculate the greatest common factor of 187 and 11.
11
What is the highest common factor of 1485 and 220?
55
What is the greatest common divisor of 22 and 913?
11
Calculate the greatest common divisor of 30 and 99390.
30
Calculate the highest common divisor of 3 and 11.
1
What is the greatest common divisor of 200 and 25?
25
What is the highest common divisor of 1265 and 55?
55
What is the greatest common factor of 225 and 612?
9
Calculate the highest common divisor of 29 and 34829.
29
What is the greatest common factor of 60 and 640?
20
What is the highest common factor of 125 and 150?
25
What is the greatest common factor of 26 and 26182?
26
Calculate the highest common divisor of 518 and 14.
14
Calculate the highest common factor of 17 and 68.
17
What is the highest common factor of 354 and 885?
177
Calculate the highest common factor of 270 and 10.
10
What is the greatest common factor of 23836 and 944?
236
What is the highest common fa